93 = 9. What is the remainder when t is divided by 8?
4
Let n be (16/(-12))/((-6)/(-9)). Let x(r) = 17*r**2 - 4*r + 1. Calculate the remainder when (n*5)/(5/(-20)) is divided by x(1).
12
Let p be (-42)/28 - 1/(-2). What is the remainder when 32 is divided by p/(-2)*(8 + 14)?
10
Suppose 8 - 52 = 2*x - 4*h, 4*h = -5*x - 82. Let j = 12 + x. What is the remainder when 61 is divided by j*6/9*-4?
13
What is the remainder when 39 is divided by (-24)/(-32)*(-592)/(-12)?
2
Suppose 4*f - 446 = -l + 391, 834 = 4*f + 2*l. Calculate the remainder when f is divided by 4.
2
Let u(v) = -v**3 - 2*v**2 - 3*v + 4. Let j be 6/1 + (-6)/3. Suppose y + 3*m = 5*y - 12, 2*y = j*m - 4. What is the remainder when u(-3) is divided by y?
4
Let o = 21 - -3. Let n(y) = 8*y**3 + y**2 - y + 1. What is the remainder when o is divided by n(1)?
6
Let x = -387 - -416. What is the remainder when 58 is divided by x?
0
Let o(u) = 2*u**2 + 18*u + 1. What is the remainder when o(-11) is divided by 30?
15
Let d = -14 + 13. Let y(h) = -21*h**3 - h - 1. Suppose -7*r = -4*r - 186. Calculate the remainder when r is divided by y(d).
20
Let f(z) = -5*z - 14. Suppose 4*q + 110 = -6*q. Calculate the remainder when f(q) is divided by 15.
11
Let o be ((-36)/(-24))/(6/8). Suppose -140 = o*b - 4*b. Calculate the remainder when b is divided by 18.
16
Suppose -3*b - 5*r + 111 = 0, -4*b + 173 = r + 42. Let z = 41 + -24. Calculate the remainder when b is divided by z.
15
What is the remainder when 65 is divided by 2889/81 - 2/3?
30
Let u(d) = 68*d + 130. What is the remainder when u(0) is divided by 20?
10
Suppose -294 = -0*o - 14*o. Suppose -2*v + 3*v - 5*b = 65, -59 = -v - b. Calculate the remainder when v is divided by o.
18
Suppose -5*y - 310 = -705. What is the remainder when y is divided by 9?
7
Let q(f) = 20*f + 126. Calculate the remainder when q(6) is divided by 48.
6
Let b(c) = -c**3 - 43*c**2 - 42*c + 22. What is the remainder when 152 + 2/(-4)*2 is divided by b(-42)?
19
Let i(s) = -3*s. Suppose 3*q = 2*n + 9, -5*n + 0*q = 4*q - 35. Let m(p) = 7*p**2 - 5. What is the remainder when m(n) is divided by i(-4)?
10
Let h(m) = -2*m**3 - 27*m**2 - 14*m. Let q(o) = o**3 + o**2 - 2*o - 3. Let r be q(-3). Let d = r - -65. What is the remainder when d is divided by h(-13)?
11
Let d(u) = -9*u**2 + 351*u + 52. What is the remainder when 146 is divided by d(39)?
42
Let t(i) = i**2 + 3*i + 3. Let x be t(-5). Suppose -w + x - 4 = 0. Calculate the remainder when 35 is divided by w.
8
What is the remainder when 40/(-30)*-159 - 3*1 is divided by 21?
20
Suppose -4*t - 4 = 4*r - 5*r, -3 = 3*t + 5*r. What is the remainder when (5*t)/((-31)/124) is divided by 12?
8
Suppose -2 - 13 = -5*z, -3*f = -z - 63. Calculate the remainder when f is divided by 3.
1
Suppose 3*j = 2*g + g + 66, 37 = j + 2*g. What is the remainder when j is divided by 3?
0
Let u(i) = i**2 + 6*i + 12. Let f be -4 - (3 + -11) - 11. Calculate the remainder when 92 is divided by u(f).
16
Let d = 206 + 292. Calculate the remainder when d is divided by 12.
6
Let o(c) = -c + 18. Let f(v) = v - 4. Let x be f(6). Suppose -4*b = -x*b. Calculate the remainder when 34 is divided by o(b).
16
Suppose -5*q = -5*y - 100, q = -4*q + y + 104. Calculate the remainder when 71 is divided by q.
8
Calculate the remainder when 125 is divided by (-55)/9 + (-4)/(-36) + 9.
2
Suppose 110 = 4*m - 30. What is the remainder when 451 is divided by m?
31
Let y = 423 - 312. Calculate the remainder when y is divided by 33.
12
Let r(o) = -51*o**3 - o**2 - 3*o - 2. Suppose 0 = 4*y - 1 + 5. Calculate the remainder when r(y) is divided by 29.
22
Suppose 0 = 3*m - 5*n - 42, 0 = 3*m + 5*n - 6 - 6. What is the remainder when 59 is divided by m?
5
Let s(f) = 18*f + 664. Calculate the remainder when s(47) is divided by 9.
7
Let o = -2802 - -2807. Calculate the remainder when 24 is divided by o.
4
Let a(v) = 13*v**3 + 2*v**2 - 2*v + 2. Suppose -4*d = -38*d + 782. Calculate the remainder when a(2) is divided by d.
18
Let s(q) = q + 4. Calculate the remainder when 239 is divided by s(7).
8
Let w(j) = j**3 - j**2 + 2*j + 276. Let f be w(0). Suppose -f = -5*y - 61. What is the remainder when y is divided by 22?
21
Let h(t) be the second derivative of t**4/6 + 7*t**3/6 - 3*t**2/2 + 10*t. Calculate the remainder when 78 is divided by h(-6).
24
Let l be 4/2 - (-2)/1. Suppose 0 = p - 3*z - 1, -l*p - z - 4*z = -38. Let t(y) = 51*y - 179. What is the remainder when t(4) is divided by p?
4
Let v be (36/(-70) - 8/28)*10. What is the remainder when 2 - 6 - v/1 is divided by 2?
0
Let d = 1389 - 1374. What is the remainder when 368 is divided by d?
8
Suppose -4*k + 126 = -3*g, -2*k - 3*g = -60 + 6. Calculate the remainder when 115 is divided by k.
25
Suppose -29*x - 450 = -p - 27*x, -3*x = 6. Calculate the remainder when p is divided by 3.
2
Let y(j) be the first derivative of 2*j**3/3 + 35*j**2/2 + j + 49. Calculate the remainder when y(-19) is divided by 31.
27
Let w be 319/4 - (-3)/12. Suppose -w*t = -76*t - 488. What is the remainder when t is divided by 25?
22
Let n be 0 - 0/(-9 + 4). Suppose -5*u = -n*u, -4*o - 4*u + 36 = 0. Calculate the remainder when 53 is divided by o.
8
Let p = -19 - -79. Calculate the remainder when p is divided by ((-10)/6 + -1)/(4/(-48)).
28
Calculate the remainder when (-18865)/(-45) - (-2)/(-9) - 4 is divided by 19.
16
What is the remainder when ((-5)/10)/((-319)/106 - -3) is divided by 14?
11
Let n(s) = 55*s + 26. What is the remainder when n(0) is divided by 12?
2
Let w be ((-5 + 3)/(-6))/((-1)/(-45)). Suppose -w = -3*d, 2*f + 7*d - 4*d - 319 = 0. What is the remainder when f is divided by 17?
16
Let z be (0 - 98/2) + 1. Let o be (z/2)/(-8 - -7). Let j = -19 + o. What is the remainder when j is divided by 4?
1
Let v = 1361 - 885. What is the remainder when v is divided by 53?
52
Calculate the remainder when 269 is divided by ((-5160)/(-100))/((-2)/(-5)).
11
Let j(t) = -32*t - 111. What is the remainder when 160 is divided by j(-6)?
79
Suppose -157*h + 168*h = 913. What is the remainder when 165 is divided by h?
82
Let i = -10009 - -10044. What is the remainder when -1 - 0 - (-138 + 1) is divided by i?
31
Let u(t) = -8*t - 40. Suppose 16*l + 108 = -2*l. Calculate the remainder when 29 is divided by u(l).
5
What is the remainder when 262 - (-3 - 1 - -7 - 6) is divided by 9?
4
Let f(i) = -6*i - 3. Let y be f(-3). Let j = 99 - y. Let h = 213 - 184. What is the remainder when j is divided by h?
26
Suppose 4*n = x + 262, x = -n - 3*x + 74. What is the remainder when n/(0 + (-6)/(-3)) is divided by (3/(-6))/(1/(-34))?
16
Let n(g) = 6*g + 18. Calculate the remainder when 67 is divided by n(-1).
7
Let x(l) = 14*l - 5. Let u(j) = 9*j - 3. Let a(n) = 7*u(n) - 5*x(n). Suppose 15 = 8*v - 13*v. Calculate the remainder when a(v) is divided by 9.
7
Suppose 0 = -3*b - 3*m + 192, 5*m + 110 = 2*b - 39. Suppose 0 = -3*c + 4*z - b + 300, 208 = 3*c + z. Calculate the remainder when c is divided by 15.
11
Suppose -4*a = -2*a - 2, 5*o + 2*a - 1617 = 0. Calculate the remainder when o is divided by 28.
15
Suppose -151 = -5*o - k, -o - 5*k + 11 = -0*o. Calculate the remainder when 55 is divided by o.
24
Let u(a) = -5*a + 23. Suppose -2*v = -b - 7, -3*b = -6*b + 2*v - 1. What is the remainder when u(3) is divided by b?
2
Let l = 2385 - 1331. What is the remainder when l is divided by 66?
64
Let p = 16 + -4. Let d(j) = -j**3 + 37*j**2 - 69*j + 10. Calculate the remainder when d(35) is divided by p.
9
Let n = 19 + -20. Calculate the remainder when 23 is divided by (-12)/(1 + -5) - n.
3
Suppose 3*g + 8*g - 88 = 0. Calculate the remainder when 18 is divided by g.
2
Suppose -16*f - 380 = -21*f. What is the remainder when f is divided by 31?
14
Let w(n) = 47*n. What is the remainder when w(2) is divided by 9?
4
Suppose 0 = 489*z - 488*z - 22. What is the remainder when 85 is divided by z?
19
Suppose -53*j + 16 = -49*j. Suppose -2*l - 58 = -j*m - 4*l, 2*m - 2*l = 38. Calculate the remainder when m is divided by 5.
1
Suppose -4*r + 205 = -175. Let q(j) = -j**3 - 16*j**2 - 15*j + 15. Let h be q(-15). Suppose -6*x - 288 = -h*x. What is the remainder when r is divided by x?
31
Suppose 2*l - 22 = 4*r - 16, 3*l + 3*r = 18. Calculate the remainder when 162 is divided by l.
2
Suppose -w - 41*w + 924 = 0. C